180 - m**5/120 - 9*m**4/8 + m**3/6 - 8*m. Let d(c) be the second derivative of h(c). What is the tens digit of d(8)?
9
Suppose 5*h + 121 = -104. Let c be 18/h - 734/(-10). Let i = -50 + c. What is the tens digit of i?
2
Suppose 32*v - 65040 = 2*v. What is the units digit of v?
8
What is the tens digit of 1/((-4)/8) + 5/((-15)/(-35961))?
8
Let w(p) be the third derivative of 17*p**4/6 + 4*p**3/3 - 18*p**2. Let m(r) = r**3 - 11*r**2 - 2*r + 24. Let u be m(11). What is the hundreds digit of w(u)?
1
Let r be (-2)/(-8) + (-1761)/(-12). Let h be (-304)/16*(-20 + 1) + (-6 - -6). Suppose c + y + h = 6*c, -2*c + r = -3*y. What is the tens digit of c?
7
Suppose -d + p + 13 = 4, 40 = 5*d - 4*p. Suppose 5*b = 4*t + 31, -9 = d*b - 3*t - 34. Suppose -b*w = -100 - 5. What is the units digit of w?
5
Suppose 0 = 2*j - 10*g + 8*g - 5630, 4*j - 11270 = 2*g. What is the thousands digit of (7 + 180/(-24))/((-1)/j)?
1
What is the units digit of (1 - (-3)/(-2))*(-2 + 20206)*-1?
2
Let o be (5 - 2)*-11 + (6 - 9). Let f = o + 286. What is the units digit of f?
0
Let m(r) = 2*r**2 - 50*r + 69. Let c(l) = 25*l + 159. Let s be c(-5). What is the hundreds digit of m(s)?
6
Let g = 40 + 74. Let b = g - 6. Suppose 3*n - 3*z = b, 2*z - 25 = -3*z. What is the units digit of n?
1
Let j = -647 + 204. Let k = j + 870. What is the tens digit of k?
2
Let x(i) = -5*i + 9. Let j be x(-9). Let c = 368 - 368. Suppose 0 = 3*n - c*n - j. What is the units digit of n?
8
Suppose -20083 = -4*k + 16*n - 13*n, -5*n + 20107 = 4*k. What is the tens digit of k?
2
What is the thousands digit of 20361/(-6)*(-7 + 1 + 3 + 1)?
6
Suppose 264*g - 274*g = -21480. What is the tens digit of g?
4
Suppose 1596*l - 1593*l = 3*a + 55020, 0 = l - 2*a - 18342. What is the tens digit of l?
3
Suppose 0 = -h + 2*h + h. Suppose -4*j + 4*s - 9*s + 2021 = h, -5*j - 4*s + 2524 = 0. What is the hundreds digit of j?
5
Let w be 4926/34 + 34/289. Let h = w + 269. What is the tens digit of h?
1
Let h(k) = -8*k**3 + k**2 - 2*k + 2. Let g be h(1). Let l be g/(((-15)/24)/5). Let q = -29 + l. What is the units digit of q?
7
Suppose 3*m = 5*p + 237, -61 - 54 = 3*p + 5*m. Let n = 1240 + p. What is the units digit of n?
5
Suppose -4*g + 24186 = -2*i - 3626, 4*i - 6980 = -g. What is the tens digit of g?
5
Let h(a) = -2*a**2 - 5*a - 2. Let r be h(-3). Let b(p) be the first derivative of -p**4/2 - 7*p**3/3 - 5*p**2/2 + 4*p + 1696. What is the tens digit of b(r)?
0
Suppose 254*k - 80638 = 231*k. What is the units digit of k?
6
Suppose 26 = 4*o + r, -o + 4*r + 36 = 3*o. Suppose 0 = -5*u - 5*c + 55, -4*u + 2*u + o = -3*c. What is the tens digit of 144 + (-14)/56 + (-30)/u?
4
Suppose 2*x = 3*q + 12640, -3*q - 41 = -47. What is the thousands digit of x?
6
Let h = 23792 + -11894. What is the hundreds digit of h?
8
Let h(f) = f**3 - 6*f**2 - 6*f - 38. Let v be h(10). Suppose v*y + 40 = 297*y. What is the units digit of y/(-12)*138 + 2 + -4?
0
Let r(o) = -o - 12. Let h be r(-14). Let q(w) = h - 1 + 57*w + 96*w - 16*w. What is the units digit of q(1)?
8
Let f(g) be the third derivative of -1/120*g**6 + 0 - 21*g**2 + 0*g - 1/24*g**4 - 1/30*g**5 - 1/6*g**3. What is the units digit of f(-2)?
1
Let m be 9 + -1*(17 + -8). Suppose m = 5*g + f - 1045, -2*f + 836 = 4*g - 7*f. What is the hundreds digit of g?
2
Suppose m = 2*h + 3*m - 616, h - m = 318. Suppose r - 4*u - h = 0, 15*r - 4*u - 1517 = 10*r. What is the tens digit of r?
0
Let v(n) = n**2 + 2*n + 15. Suppose -8 = 11*x - 13*x. Let o = -11 + x. What is the tens digit of v(o)?
5
Let h be (-3)/(-8)*4*(-14928)/(-36). Let n = h - 215. What is the units digit of n?
7
Let z be (-2)/(-8) - (-14)/8. Suppose -20 = -z*y - 2*y. Suppose y*o + 24 - 69 = 0. What is the units digit of o?
9
Let r = 2255 - 748. Suppose m - 4*n = r, 2*m + n - 2978 = -0*m. What is the tens digit of m?
9
Let n(i) = -i**3 - 11*i**2 + 17*i - 55. Let t be n(-14). Suppose 126*x - 130*x = 28. What is the tens digit of x + 5 - (3 - t)?
9
Let u(s) = 17422*s**2 - 23*s + 24. What is the hundreds digit of u(1)?
4
Let w(d) = 3*d**3 - 23*d**2 + 38*d - 237. What is the ten thousands digit of w(31)?
6
Suppose -14*l + 8*l - 12 = 0. Let u be 4/l*((-36)/8 - -3). Suppose -5*x = -3*o + 290, 0*x = -u*o + 3*x + 282. What is the tens digit of o?
9
Suppose 7*o + 40 = 5*v + 2*o, 9 = -3*o. Suppose 2*t + 5 = v*y + 4*t, 2*y + 22 = 4*t. What is the tens digit of 178*y/5*(-20)/8?
8
Suppose 4*p + d = 179994, 22*p = 20*p - 7*d + 89984. What is the ten thousands digit of p?
4
Let w(l) be the first derivative of 7*l**2/2 - 5*l + 81. Let x(a) = 2*a**2 - 4*a + 3. Let u be x(2). What is the tens digit of w(u)?
1
Let k(q) = -q**2 - 2*q + 1. Let y be k(-3). Let n be 1*35/21 + (-2)/(-6). What is the units digit of n/(y/5 + 148/360)?
0
Let v(n) = -2*n**2 + 24*n - 5. Let x be v(12). Let c(i) = -61*i + 17. What is the units digit of c(x)?
2
What is the tens digit of (42/5)/((-7)/(-3710))?
5
Let i = 191 - 762. Let l = 1000 + i. What is the units digit of l?
9
Suppose -s = 4*f - 41, -s + 1 - 4 = 0. What is the units digit of 2/(-11) - (-19945)/f?
3
Let s(t) = 2*t**3 - t + 1. Let o(z) = 37*z**3 + 4*z**2 - 4*z + 8. Let d(g) = -o(g) + 4*s(g). What is the units digit of d(-3)?
3
Suppose -5*m = -3*b - 812, 4*m - 3*b = 92 + 560. Suppose -3*j + 200 + m = 0. What is the tens digit of j?
2
Let v(q) = -q - 2. Let t be v(-2). Let y be 6/(36/110) - (7/3 + -2). Suppose t = a - 14 - y. What is the units digit of a?
2
Let y = 11425 - -4124. What is the tens digit of y?
4
Let q(j) = -6*j - 7. Let t be q(-4). Let y = t - 17. Suppose h + y*p = -3*p + 22, 4*h + 5*p = 123. What is the units digit of h?
7
Let c(i) be the second derivative of i**3/6 + 111*i**2/2 + 4*i. Let j = 202 - 202. What is the hundreds digit of c(j)?
1
Let i = 424 - -6788. What is the units digit of i?
2
Let a = -2322 + 3264. Suppose -11*n + 5*n + a = 0. What is the tens digit of n?
5
Let i be (-22)/(-121) - (90/11 + -2). Let x be ((-879)/i)/(2/(-4)). Let g = 479 + x. What is the units digit of g?
6
Suppose m = -h + 3661, -7*h = -8*h + m + 3669. What is the thousands digit of h?
3
Let h = 546 - 545. Let p(m) = -m**3 + 5*m**2 + 3*m - 9. Let f be p(6). What is the tens digit of (-1)/(h/4) - f?
2
Let z(y) = -5*y**2 - 265*y + 411. Let b(u) = u**2 + 53*u - 82. Let x(v) = -11*b(v) - 2*z(v). What is the tens digit of x(-32)?
5
Suppose -7*h - 606 = -4*h. Let p = -136 - h. What is the units digit of p?
6
Suppose -30 + 18 = 4*z, -2*a - 2*z + 9164 = 0. What is the thousands digit of a?
4
Suppose 6*v - 79 + 43 = 0. What is the units digit of 11630/20 + v/(-4)?
0
Suppose -2762*x + 2581800 = -2662*x. What is the ten thousands digit of x?
2
Let o = -88024 + 127495. What is the thousands digit of o?
9
Suppose -10*q = -5*q + 5*h + 20, -h + 10 = -q. What is the units digit of (-189)/((-49)/q)*94/(-2)?
9
Suppose 2860 = -67*n + 72*n. Let g = 109 + n. What is the hundreds digit of g?
6
What is the tens digit of -6817*(4/(-6))/(228/18 + -12)?
1
Suppose 31*q - 3264376 = -32*q - 43*q. What is the tens digit of q?
9
Let t(c) = -3*c + 9. Let d be t(10). Let u = d + 26. Suppose u*r - 100 = 5. What is the units digit of r?
1
Let d(a) = -281*a - 1910. What is the thousands digit of d(-73)?
8
Let w = -492 - -495. Suppose r = w*u - 3293, 3*r = -u + 1120 - 39. What is the thousands digit of u?
1
Let p(s) = -s**2 - 3*s - 2. Let o(a) = a**2 + 8*a + 10. Let c be o(-6). Let w be p(c). Suppose -3*x + 6 = 18, w = -g - 5*x + 28. What is the tens digit of g?
4
Suppose 0 = -5*h - 28*i + 25*i + 125006, 5*h - i - 124998 = 0. What is the ten thousands digit of h?
2
Suppose 0 = -5*i + 449 - 89. Suppose i = 2*q + 7*q. Suppose -q*j = -3*j - 475. What is the units digit of j?
5
Let a = 592 + -216. What is the hundreds digit of a + (-2 + 3)/(-1*1)?
3
Let t = -41 - -43. Suppose -10*m = -t*m - 72. What is the units digit of 99*12/m + 4?
6
Let y = 157 + -79. Suppose -5*n + y = -22. What is the hundreds digit of (-16)/4*(-725)/n?
1
What is the thousands digit of 100302/16 + 1161/72 + -16?
6
Let j = 432 - 438. What is the hundreds digit of (-23 - -38)*(-64)/j?
1
Let c = 3650 + -1594. What is the units digit of c?
6
Let f(d) = 4190*d**2 + 54*d + 86. What is the units digit of f(4)?
2
Let m = -53 - -46. Let b(n) = 9*n**2 - 6*n - 4. What is the units digit of b(m)?
9
Let s